t l be (-9 - -3)*(-6)/12. Let s(p) = 0 - 5*p + l - 9. What is the remainder when s(-12) is divided by 19?
16
Let y = 704 - 694. Suppose -b = b - 74. Calculate the remainder when b is divided by y.
7
Let r = -747 - -768. Calculate the remainder when 75 is divided by r.
12
Suppose 4*q + 2*l = 957 + 21, 2*q - 477 = -5*l. Let y = q + -145. What is the remainder when y is divided by 8?
5
Suppose 0 = 2*o - 4*r - 14, 0 = -4*o - 0*r + 2*r + 58. Let l = o - 2. Calculate the remainder when 0 - -29 - 0/(-1) is divided by l.
14
Suppose -z + 4 = -2*g - 3, 0 = -3*z + g - 4. What is the remainder when 25 is divided by 14/z*15/(-10)?
4
Let o = -31 + 45. Let h be 37 + 6 + -8 - 1*2. Suppose 0 = -35*g + h*g + 80. Calculate the remainder when g is divided by o.
12
What is the remainder when 1419/(-22)*-12 - -7 is divided by 9?
7
Let f(u) = 111*u + 1. Let b be f(1). Suppose 8 - b = -2*q. Suppose -q = -7*x + 3*x. Calculate the remainder when 23 is divided by x.
10
Suppose 5*w - 7 - 13 = -3*v, -2*v - 3*w + 13 = 0. Suppose v*g + 2 = 42. Calculate the remainder when 14 is divided by g.
6
Let v = 770 + -734. Calculate the remainder when 133 is divided by v.
25
Let h(b) = -32*b + 414. Calculate the remainder when h(8) is divided by 41.
35
Let c = 4 + -2. Suppose -a - c*n + 18 = 0, 0 = 2*a - n + 3*n - 32. Calculate the remainder when a is divided by 3.
2
Let f be 11/(0 + 3/9). Suppose 4*a = 7*a - f. Calculate the remainder when 18 is divided by a.
7
Suppose -295 = -4*i + g, 4*i + 2*g = 6*g + 304. Calculate the remainder when 1094 is divided by i.
72
Let z(o) = o**3 - 2*o**2 + 3*o - 3. Let g be z(2). Suppose i - 168 = -g*i. Calculate the remainder when i is divided by 22/4*(-8 - -26)/9.
9
Calculate the remainder when 117 is divided by (-7 + 4)*-25*(-3)/(-9).
17
Suppose -t + 6 = -3*i, 0*t = -2*t + 5*i + 15. Let c = -15 - -18. Suppose 36 = c*y + 6*y. Calculate the remainder when t is divided by y.
3
Suppose 2*d - 234 = 4*b, -436 - 18 = -4*d + b. What is the remainder when d is divided by 29?
26
Let o = 42 - 25. Let n(b) = -b**3 - 2*b**2 - 70*b - 302. Calculate the remainder when o is divided by n(-4).
7
Let m be (2 - 6) + 3 + 0. Calculate the remainder when 13 is divided by m*(-4)/(-12)*-24.
5
Let h = -276 - -383. Calculate the remainder when h is divided by 29.
20
Let r(f) = 2*f + 25. What is the remainder when 124 is divided by r(0)?
24
Calculate the remainder when (-27)/(-36)*548/3 is divided by 38.
23
Suppose -u + 1545 = 2*z, -2 = -5*z + 13. Calculate the remainder when u is divided by 110.
109
Let d(v) = v**3 + 13*v**2 + 17*v + 28. Calculate the remainder when d(-11) is divided by 14/(3 - 24/9).
41
Suppose -175 = -3*x + x + 3*y, y = x - 88. Calculate the remainder when 361 is divided by x.
5
Let p = 19 + -12. Suppose 0 = 4*f + 2*v - 18, 4*f + v - 22 + p = 0. Suppose 27*n - 170 = -7*n. What is the remainder when n is divided by f?
2
Let w be 284/8 + (-4)/8. Let a = -34 + w. Suppose 3*q = -2*l + 13, 3*l + a - 31 = -q. Calculate the remainder when l is divided by 3.
2
Let u(d) = -d**3 - 7*d**2 - 8*d - 11. Let h be u(-5). Let i = h + 45. What is the remainder when 59 is divided by i?
11
Let v(q) = 149*q**2 + q + 5. Calculate the remainder when v(-2) is divided by 15.
14
Let m(l) = -2*l - 26. Calculate the remainder when 29 is divided by m(-15).
1
Suppose 8*h + 72 - 504 = 0. Let w = h - 35. Calculate the remainder when 37 is divided by w.
18
Suppose 3*t = -3 + 18. Let w(m) = -m - 1. Let u be w(3). Let a = 23 + u. What is the remainder when a is divided by t?
4
Let i(l) = -l**2 - 34*l - 113. Calculate the remainder when i(-24) is divided by 39.
10
Let f(h) = 16*h - 211. Calculate the remainder when 80 is divided by f(14).
2
Let w(q) = 7*q + 6. Let v be (-132)/8 + 1/(-2). Let m(f) = -20*f - 19. Let z(d) = v*w(d) - 6*m(d). Calculate the remainder when z(10) is divided by 13.
9
Let a = -31 + 53. Let h be (-4298)/(-77) - (-4)/a. Let u = h - 25. Calculate the remainder when u is divided by 16.
15
Let m(f) = f - 9. Let h be m(12). Suppose 5*o + h*k = 99, -o + 4*k + 29 = -0*o. Let r(w) = w**2 - 10*w - 48. Calculate the remainder when o is divided by r(14).
5
Let q be (1*-2)/(3/78). Let w = q - -94. Suppose 4*g = 4*p - 72, 6*p + 3*g = p + 66. Calculate the remainder when w is divided by p.
12
Suppose 371 - 71 = 20*c. What is the remainder when 190 is divided by c?
10
Let b(n) = 83*n**3 + 3*n**2 - 9*n + 3. What is the remainder when b(2) is divided by 18?
13
Suppose -4*n + 0*n - 88 = 0. Let v = n + 24. What is the remainder when 21 is divided by ((-2)/v)/((-3)/24)?
5
Suppose -3*v + 2*p = -75, 12*v - 2*p + 86 = 16*v. Suppose q = 2*q. Suppose q = i - 6 - 3. Calculate the remainder when v is divided by i.
5
Suppose 14 = 5*r - 606. Suppose 2*m - r = -92. Calculate the remainder when 26 is divided by m.
10
Let d be 0 + (0/2 - -3). Let q(c) be the second derivative of c**3/3 + 2*c. What is the remainder when 11 is divided by q(d)?
5
Let y(g) = -g**3 + 25*g**2 - 78*g - 27. What is the remainder when 494 is divided by y(21)?
98
Let o be 1/(6/4)*-3. Let h be 14/(2 + o + -1). Calculate the remainder when 21 is divided by 4/h - (-711)/63.
10
Suppose -3*c = 2*k - 478, -5*c - 956 = -0*k - 4*k. Calculate the remainder when k is divided by 5.
4
Suppose 3*q - r = -0*q - 10, -4*r = 2*q - 12. What is the remainder when (5 - 1172/12)/(q/3) is divided by 47?
45
Suppose -z - 548 = -4*r, 4*r = 5*r - 4*z - 137. Let l = r - 115. What is the remainder when l is divided by 8?
6
Suppose -f = 4*v - 53, -2*v - f + 25 = -2*f. Calculate the remainder when 40 is divided by v.
1
Suppose -4*i = 3*g - 91, 0*g - 79 = -3*g - i. What is the remainder when 524 is divided by g?
24
Let g = -38 + 62. Suppose 43*q - 18*q - 1224 = -49. Calculate the remainder when q is divided by g.
23
Let w(v) = 82*v - 511. What is the remainder when 102 is divided by w(7)?
39
Let c(d) = -d**2 - 18*d - 52. Calculate the remainder when -4 + 10 + -2 - -91 is divided by c(-8).
11
Let b(u) = -4*u + 6. Let w be b(-4). Suppose 5*h - 13 = w. What is the remainder when h is divided by 5?
2
Let r = 52 - 40. What is the remainder when 153 is divided by r?
9
Suppose -114*k - 3*b = -112*k - 215, 0 = 2*k + 4*b - 210. What is the remainder when 362 is divided by k?
17
Let v(w) = -w - 1. Let y be v(-1). Suppose 8 = 2*r - y. Let g(o) = o**3 - 4*o**2 + o - 1. Calculate the remainder when 8 is divided by g(r).
2
Suppose 2*r = 4*i + 50, -2*r + 3*i + 45 = -0*i. Suppose r*j - 14*j - 15 = 0. What is the remainder when 43 is divided by j?
13
Suppose -y + u - 2 = 0, 0*u = -5*y + 2*u - 4. Suppose 7*r - 4*r - 39 = y. What is the remainder when 62 is divided by r?
10
Let p = 1212 + -1126. What is the remainder when p is divided by 13?
8
Let q = -93 + 147. What is the remainder when q is divided by 33?
21
Suppose -2*u - 4*s + 3 = -27, -u = 3*s - 12. What is the remainder when 142 is divided by u?
16
Suppose -3*j = -14 - 10. Let x(p) = 2*p**2 + 40*p - 294. What is the remainder when x(6) is divided by j?
2
Suppose -3*z + 964 + 119 = 0. Calculate the remainder when z is divided by 14.
11
Let n be 4/(-1)*(-15)/12. Suppose -2*i - n = -13. Calculate the remainder when 13 is divided by i.
1
Suppose -6*z + 376 = -2*z - 4*c, 0 = -5*c - 20. Suppose 15*v + z = 20*v. Calculate the remainder when v is divided by 10.
8
Let h be 2*1/(-2) - -16. Suppose 5*t = h + 30. Let y = 10 + t. Calculate the remainder when 35 is divided by y.
16
Let v(z) = 2*z - 5. Let r be v(4). Suppose r*x + 21 = 2*m, 3*x = 4*m - 21 - 30. Calculate the remainder when m is divided by 7 + 2 - 5*(-9)/(-15).
3
Suppose 23*o = 28*o - 70. What is the remainder when 165 is divided by o?
11
Let o(f) = 52*f - 137. What is the remainder when o(5) is divided by 26?
19
Suppose -4*a + 5*k + 65 = a, -4*k + 8 = a. Suppose -j - 8 = -u, 44 = 5*u - j - a. Let y = 2031 + -2009. Calculate the remainder when y is divided by u.
10
Suppose -231 = 2*a - 3*a. Suppose 8*m + a = 11*m. Let j = m + -44. Calculate the remainder when j is divided by 17.
16
Suppose 3*m - 37*m + 1496 = 0. What is the remainder when m is divided by 17?
10
Let a(d) = -21*d + 63. What is the remainder when a(-16) is divided by 16?
15
Suppose -2*n - n - 12 = 0. Let q(c) = -c - 6. Let z(i) = -i**2 + 2*i + 7. Let k(u) = n*q(u) - 3*z(u). What is the remainder whe